{"id":187,"date":"2019-02-10T19:39:36","date_gmt":"2019-02-10T21:39:36","guid":{"rendered":"http:\/\/got3.hospedagemdesites.ws\/site\/?page_id=187"},"modified":"2019-03-30T21:42:09","modified_gmt":"2019-03-31T00:42:09","slug":"outsourcing-2","status":"publish","type":"page","link":"https:\/\/www.got.inf.br\/site\/solucoes\/outsourcing-2\/","title":{"rendered":"Outsourcing"},"content":{"rendered":"\n<hr class=\"wp-block-separator\"\/>\n\n\n\n<div class=\"is-layout-flex wp-container-3 wp-block-columns has-2-columns\">\n<div class=\"is-layout-flow wp-block-column\">\n<p class=\"has-medium-font-size\">O&nbsp;<em><strong>outsourcing\nde impress\u00e3o<\/strong><\/em>&nbsp;compreende na terceiriza\u00e7\u00e3o completa de todos\nos processos de impress\u00e3o, com o fornecimento dos equipamentos, suprimentos,\npe\u00e7as, software de gerenciamento de impress\u00e3o, papel, assist\u00eancia t\u00e9cnica e at\u00e9\nm\u00e3o de obra de opera\u00e7\u00e3o de equipamentos, em caso de central de c\u00f3pias e\nimpress\u00f5es.<\/p>\n\n\n\n<p class=\"has-medium-font-size\">Este servi\u00e7o busca atender a todas as necessidades da institui\u00e7\u00e3o\/\u00f3rg\u00e3o\np\u00fablico para que mantenha o foco em seu neg\u00f3cio, deixando para a empresa\nespecialista, a execu\u00e7\u00e3o do servi\u00e7o de impress\u00e3o e correlatos, deixando a\ncontratante livre de investimentos em ativo, contrata\u00e7\u00e3o manuten\u00e7\u00e3o t\u00e9cnica avulsa\ne perdendo tempo com cota\u00e7\u00f5es no mercado, que na maioria das vezes, sequer s\u00e3o\natendidas.<\/p>\n\n\n\n<p class=\"has-medium-font-size\">Entre em contato conosco preenchendo o formul\u00e1rio desta p\u00e1gina e fa\u00e7a sua solicita\u00e7\u00e3o, de acordo com as suas necessidades.<\/p>\n\n\n\n<p><em><strong>\ufeffTeremos prazer em atende-lo.<\/strong><\/em><\/p>\n\n\n\n<p><\/p>\n<\/div>\n\n\n\n<div class=\"is-layout-flow wp-block-column\">\n<h3>Necessidade de utiliza\u00e7\u00e3o do equipamento:<\/h3>\n\n\n<div class=\"wp-block-jetpack-contact-form customform\"><a href=\"https:\/\/www.got.inf.br\/site\/solucoes\/outsourcing-2\/\" target=\"_blank\" rel=\"noopener noreferrer\">Envie um formul\u00e1rio.<\/a><\/div><\/div>\n<\/div>\n<!-- AddThis Advanced Settings generic via filter on the_content -->","protected":false},"excerpt":{"rendered":"<p>O&nbsp;outsourcing de impress\u00e3o&nbsp;compreende na terceiriza\u00e7\u00e3o completa de todos os processos de impress\u00e3o, com o fornecimento dos equipamentos, suprimentos, pe\u00e7as, software de gerenciamento de impress\u00e3o, papel, assist\u00eancia t\u00e9cnica e at\u00e9 m\u00e3o de obra de opera\u00e7\u00e3o de equipamentos, em caso de central de c\u00f3pias e impress\u00f5es. Este servi\u00e7o busca atender a todas as necessidades da institui\u00e7\u00e3o\/\u00f3rg\u00e3o p\u00fablico [&#8230;]<\/p>\n<p><a class=\"btn btn-secondary understrap-read-more-link\" href=\"https:\/\/www.got.inf.br\/site\/solucoes\/outsourcing-2\/\">Leia mais&#8230;<span class=\"screen-reader-text\"> from Outsourcing<\/span><\/a><\/p>\n<p><!-- AddThis Advanced Settings generic via filter on get_the_excerpt --><\/p>\n","protected":false},"author":1,"featured_media":252,"parent":57,"menu_order":0,"comment_status":"closed","ping_status":"closed","template":"page-templates\/fullwidthpage.php","meta":{"_uag_custom_page_level_css":"","jetpack_post_was_ever_published":false},"uagb_featured_image_src":{"full":["https:\/\/i0.wp.com\/www.got.inf.br\/site\/wp-content\/uploads\/2019\/02\/outsorcing.jpg?fit=2998%2C781&ssl=1",2998,781,false],"thumbnail":["https:\/\/i0.wp.com\/www.got.inf.br\/site\/wp-content\/uploads\/2019\/02\/outsorcing.jpg?resize=150%2C150&ssl=1",150,150,true],"medium":["https:\/\/i0.wp.com\/www.got.inf.br\/site\/wp-content\/uploads\/2019\/02\/outsorcing.jpg?fit=300%2C78&ssl=1",300,78,true],"medium_large":["https:\/\/i0.wp.com\/www.got.inf.br\/site\/wp-content\/uploads\/2019\/02\/outsorcing.jpg?fit=640%2C167&ssl=1",640,167,true],"large":["https:\/\/i0.wp.com\/www.got.inf.br\/site\/wp-content\/uploads\/2019\/02\/outsorcing.jpg?fit=640%2C167&ssl=1",640,167,true],"1536x1536":["https:\/\/i0.wp.com\/www.got.inf.br\/site\/wp-content\/uploads\/2019\/02\/outsorcing.jpg?fit=1536%2C400&ssl=1",1536,400,true],"2048x2048":["https:\/\/i0.wp.com\/www.got.inf.br\/site\/wp-content\/uploads\/2019\/02\/outsorcing.jpg?fit=2048%2C534&ssl=1",2048,534,true],"jetpack-portfolio-admin-thumb":["https:\/\/i0.wp.com\/www.got.inf.br\/site\/wp-content\/uploads\/2019\/02\/outsorcing.jpg?resize=50%2C50&ssl=1",50,50,true]},"uagb_author_info":{"display_name":"admin","author_link":"https:\/\/www.got.inf.br\/site\/author\/admin\/"},"uagb_comment_info":0,"uagb_excerpt":"O&nbsp;outsourcing de impress\u00e3o&nbsp;compreende na terceiriza\u00e7\u00e3o completa de todos os processos de impress\u00e3o, com o fornecimento dos equipamentos, suprimentos, pe\u00e7as, software de gerenciamento de impress\u00e3o, papel, assist\u00eancia t\u00e9cnica e at\u00e9 m\u00e3o de obra de opera\u00e7\u00e3o de equipamentos, em caso de central de c\u00f3pias e impress\u00f5es. Este servi\u00e7o busca atender a todas as necessidades da institui\u00e7\u00e3o\/\u00f3rg\u00e3o p\u00fablico&hellip;","jetpack_sharing_enabled":true,"jetpack_shortlink":"https:\/\/wp.me\/PaFYP5-31","_links":{"self":[{"href":"https:\/\/www.got.inf.br\/site\/wp-json\/wp\/v2\/pages\/187"}],"collection":[{"href":"https:\/\/www.got.inf.br\/site\/wp-json\/wp\/v2\/pages"}],"about":[{"href":"https:\/\/www.got.inf.br\/site\/wp-json\/wp\/v2\/types\/page"}],"author":[{"embeddable":true,"href":"https:\/\/www.got.inf.br\/site\/wp-json\/wp\/v2\/users\/1"}],"replies":[{"embeddable":true,"href":"https:\/\/www.got.inf.br\/site\/wp-json\/wp\/v2\/comments?post=187"}],"version-history":[{"count":20,"href":"https:\/\/www.got.inf.br\/site\/wp-json\/wp\/v2\/pages\/187\/revisions"}],"predecessor-version":[{"id":665,"href":"https:\/\/www.got.inf.br\/site\/wp-json\/wp\/v2\/pages\/187\/revisions\/665"}],"up":[{"embeddable":true,"href":"https:\/\/www.got.inf.br\/site\/wp-json\/wp\/v2\/pages\/57"}],"wp:featuredmedia":[{"embeddable":true,"href":"https:\/\/www.got.inf.br\/site\/wp-json\/wp\/v2\/media\/252"}],"wp:attachment":[{"href":"https:\/\/www.got.inf.br\/site\/wp-json\/wp\/v2\/media?parent=187"}],"curies":[{"name":"wp","href":"https:\/\/api.w.org\/{rel}","templated":true}]}}